 17 divide 53396?
False
Does 410 divide 548990?
True
Is 301953 even?
False
Is 40752 a multiple of 16?
True
Does 557 divide 1764070?
False
Is 1168 a factor of 1967825?
False
Does 15 divide 199646?
False
Does 157 divide 351523?
True
Is 34 a factor of 137682?
False
Is 10911084 a multiple of 402?
True
Does 278 divide 7905418?
False
Does 59 divide 185958?
False
Is 81744 a multiple of 58?
False
Is 423 a factor of 156087?
True
Is 3 a factor of 971170?
False
Is 185717 a multiple of 6?
False
Is 544985 a multiple of 805?
True
Is 42 a factor of 22938?
False
Is 97 a factor of 41729?
False
Does 27 divide 1372113?
True
Is 88566 a multiple of 16?
False
Is 129 a factor of 10066669?
False
Is 562 a factor of 4974262?
True
Is 18 a factor of 109369?
False
Does 260 divide 642380?
False
Is 162352 a multiple of 11?
False
Is 260 a factor of 488644?
False
Does 64 divide 46720?
True
Is 165974 a multiple of 31?
True
Is 52992 a multiple of 23?
True
Does 72 divide 951984?
True
Is 4812060 a multiple of 44?
True
Is 10 a factor of 249230?
True
Is 314831 a multiple of 14?
False
Is 773 a factor of 132757?
False
Is 38 a factor of 372932?
True
Does 17 divide 105143?
False
Is 3600 a multiple of 20?
True
Does 25 divide 484263?
False
Does 18 divide 509093?
False
Is 34170 a multiple of 134?
True
Does 312 divide 1714302?
False
Is 8 a factor of 24968?
True
Does 9 divide 1971396?
True
Does 371 divide 317193?
False
Is 216432 a multiple of 54?
True
Does 212 divide 126612?
False
Is 148 a factor of 160876?
True
Is 164 a factor of 3211030?
False
Does 9 divide 31712481?
True
Does 20 divide 4560?
True
Does 23 divide 184959?
False
Does 76 divide 2576076?
False
Is 339 a factor of 2338422?
True
Does 373 divide 87282?
True
Is 2013696 a multiple of 23?
True
Is 173 a factor of 5876266?
False
Is 31 a factor of 18104?
True
Does 35 divide 1331133?
False
Is 19 a factor of 449350?
True
Is 3103644 a multiple of 44?
False
Does 72 divide 2193408?
True
Is 1886924 a multiple of 46?
False
Is 7326040 a multiple of 408?
False
Is 52 a factor of 10718916?
True
Is 102180 a multiple of 20?
True
Is 14898300 a multiple of 100?
True
Is 146 a factor of 52998?
True
Does 66 divide 3915887?
False
Is 1523886 a multiple of 26?
True
Is 119 a factor of 122146?
False
Is 656188 a multiple of 65?
False
Is 87 a factor of 231072?
True
Is 253071 a multiple of 9?
True
Does 76 divide 1826374?
False
Is 14 a factor of 560224?
True
Does 3 divide 9477?
True
Is 134 a factor of 153457?
False
Is 1683063 a multiple of 43?
True
Does 46 divide 413388?
False
Is 99264 a multiple of 44?
True
Does 46 divide 573811?
False
Is 12848271 a multiple of 655?
False
Does 585 divide 1250730?
True
Is 877752 a multiple of 18?
True
Is 31755 a multiple of 20?
False
Is 519059 a multiple of 716?
False
Is 319 a factor of 1317696?
False
Is 54 a factor of 164017?
False
Is 94 a factor of 50666?
True
Is 97180 a multiple of 86?
True
Is 37701 a multiple of 9?
True
Is 221661 a multiple of 108?
False
Is 133 a factor of 2330426?
True
Is 32 a factor of 256416?
True
Is 12 a factor of 239777?
False
Does 371 divide 1448755?
True
Is 221 a factor of 22866066?
False
Is 6 a factor of 12416?
False
Does 2028 divide 5611476?
True
Does 21 divide 118013?
False
Does 21 divide 2924481?
True
Is 96 a factor of 84748?
False
Does 437 divide 1151058?
True
Does 28 divide 1030966?
False
Is 299015 a multiple of 79?
True
Does 58 divide 6288274?
False
Is 17 a factor of 438838?
True
Is 21 a factor of 30295?
False
Is 4060566 a multiple of 558?
True
Is 379794 a multiple of 12?
False
Is 1074268 even?
True
Does 75 divide 170175?
True
Is 554673 a multiple of 7?
True
Does 25 divide 7000675?
True
Is 4 a factor of 3121760?
True
Is 493776 a multiple of 147?
False
Is 7 a factor of 23296?
True
Is 128 a factor of 3016238?
False
Is 33 a factor of 166752?
False
Is 5682710 a multiple of 63?
False
Is 31 a factor of 93558?
True
Is 37 a factor of 62419?
True
Does 6 divide 8556?
True
Is 590297 a multiple of 304?
False
Is 587449 a multiple of 280?
False
Is 614647 a multiple of 781?
True
Is 23 a factor of 37053?
True
Is 6615082 a multiple of 37?
True
Is 1828042 a multiple of 356?
False
Is 1161 a factor of 1003975?
False
Is 1600 a multiple of 7?
False
Is 404153 a multiple of 58?
False
Is 1321397 a multiple of 77?
True
Does 22 divide 24068?
True
Does 1219 divide 762074?
False
Does 208 divide 285168?
True
Is 2547270 a multiple of 83?
True
Is 1160250 a multiple of 442?
True
Is 2322307 a multiple of 99?
False
Is 627 a factor of 244193?
False
Is 2935970 a multiple of 17?
False
Is 1363713 a multiple of 73?
True
Is 1392483 a multiple of 448?
False
Does 39 divide 47268?
True
Is 15 a factor of 120506?
False
Is 49 a factor of 669303?
False
Does 361 divide 2942268?
False
Does 11 divide 77737?
True
Is 10 a factor of 809453?
False
Is 18516904 a multiple of 19?
False
Is 38676 a multiple of 4?
True
Is 970052 a multiple of 40?
False
Is 2086476 a multiple of 84?
True
Is 639935 a multiple of 9?
False
Is 24 a factor of 1345992?
True
Does 67 divide 4855567?
False
Does 554 divide 3432262?
False
Is 51659 a multiple of 32?
False
Does 160 divide 262080?
True
Is 5405 a multiple of 11?
False
Is 32340 a multiple of 30?
True
Is 973 a factor of 19285833?
True
Is 27198588 a multiple of 349?
False
Is 57 a factor of 42636?
True
Is 26 a factor of 2295072?
True
Does 38 divide 448894?
True
Is 7 a factor of 4818?
False
Does 395 divide 75445?
True
Is 4296270 a multiple of 831?
True
Does 323 divide 683905?
False
Is 38 a factor of 1662690?
True
Is 711 a factor of 784944?
True
Does 10 divide 1329330?
True
Is 19855199 a multiple of 16?
False
Is 80776 a multiple of 46?
True
Is 105 a factor of 269435?
False
Is 8 a factor of 543593?
False
Does 55 divide 4400642?
False
Does 557 divide 468139?
False
Does 9 divide 152005?
False
Is 20 a factor of 495700?
True
Is 1575728 a multiple of 18?
False
Is 178 a factor of 8416908?
True
Is 195210 a multiple of 270?
True
Is 11355907 a multiple of 50?
False
Is 5122500 a multiple of 60?
True
Does 11 divide 40194?
True
Is 520 a factor of 1086649?
False
Is 3700896 a multiple of 24?
True
Does 167 divide 116399?
True
Is 2198 a multiple of 95?
False
Is 1184314 a multiple of 3?
False
Is 142273 a multiple of 8?
False
Is 48 a factor of 108633?
False
Is 3875337 a multiple of 51?
True
Does 225 divide 508286?
False
Is 165626 a multiple of 43?
False
Is 1447621 a multiple of 127?
False
Is 48 a factor of 5224006?
False
Is 5 a factor of 368805?
True
Is 22 a factor of 28452?
False
Is 33 a factor of 1417416?
True
Is 25 a factor of 122500?
True
Is 18 a factor of 351416?
False
Does 257 divide 432017?
True
Is 2120 a multiple of 16?
False
Is 49808 a multiple of 18?
False
Is 1122404 a multiple of 6?
False
Is 11 a factor of 2496364?
False
Is 1080575 a multiple of 25?
True
Is 10 a factor of 159460?
True
Is 185 a factor of 502275?
True
Is 55 a factor of 616990?
True
Is 402 a factor of 25177260?
True
Is 210440 a multiple of 19?
False
Does 287 divide 1604904?
True
Is 12689 a multiple of 16?
False
Does 4 divide 187888?
True
Does 212 divide 170872?
True
Is 31878 a multiple of 124?
False
Is 2118300 a multiple of 138?
True
Is 507 a factor of 19401369?
True
Is 21 a factor of 3266340?
True
Is 1748 a multiple of 23?
True
Does 102 divide 3608046?
True
Does 86 divide 641468?
False
Does 26 divide 7329504?
True
Is 433 a factor of 23267?
False
Is 15 a factor of 11036721?
False
Is 548250 a multiple of 50?
True
Is 73 a factor of 2157880?
True
Is 936 a factor of 8072064?
True
Is 164382 a multiple of 19?
False
Is 1398 a factor of 6716748?
False
Does 102 divide 1216656?
True
Is 89758 a multiple of 159?
False
Does 3 divide 190029?
True
Is 9 a factor of 486670?
False
Is 1523061 a multiple of 309?
True
Does 76 divide 836?
True
Is 18 a factor of 757962?
True
Is 234 a factor of 484614?
True
Is 688 a factor of 600624?
True
Is 341787 a multiple of 177?
True
Is 2997235 a multiple of 29?
False
Is 6048 a multiple of 189?
True
Is 62 a factor of 205000?
False
Does 12 divide 8962068?
True
Is 5316480 a multiple of 1152?
True
Is 13 a factor of 5814952?
True
Is 28 a factor of 2619708?
True
Is 19 a factor of 2615075?
False
Does 24 divide 4539342?
False
Is 154764 a multiple of 18?
True
Is 120988 even?
True
Does 95 divide 3791925?
True
Is 583573 a multiple of 11?
False
Is 221462 a multip